{"id":12705,"date":"2025-03-13T17:04:03","date_gmt":"2025-03-13T17:04:03","guid":{"rendered":"https:\/\/schaalvansamenwerking.nl\/?page_id=12705"},"modified":"2025-03-13T17:04:05","modified_gmt":"2025-03-13T17:04:05","slug":"az-egyuttmukodes-skalaja","status":"publish","type":"page","link":"https:\/\/schaalvansamenwerking.nl\/en\/az-egyuttmukodes-skalaja\/","title":{"rendered":"Az Egy\u00fcttm\u0171k\u00f6d\u00e9s Sk\u00e1l\u00e1ja"},"content":{"rendered":"Az Egy\u00fcttm\u0171k\u00f6d\u00e9s Sk\u00e1l\u00e1ja - magyarul\n\n\n\n<p>Lesz hamarosan az Egy\u00fcttm\u0171k\u00f6d\u00e9s Sk\u00e1l\u00e1ja magyar ford\u00edt\u00e1s\u00e1nak egy \u00e1ltal\u00e1nos oldala, ahol majd t\u00f6bbet lehet olvasni az eszk\u00f6zr\u0151l, ami a csapatok fenntarthat\u00f3 egy\u00fcttm\u0171k\u00f6d\u00e9s\u00e9t t\u00e1mogatja. Egyel\u0151re viszont az al\u00e1bbi illusztr\u00e1ci\u00f3 seg\u00edts\u00e9g\u00e9vel \u00e9rdemes megvizsg\u00e1lni, hogy hol \u00e1ll az \u00f6n csapata a sk\u00e1l\u00e1n.<\/p>\n\n\n\n<p>B\u0151vebb inform\u00e1ci\u00f3k\u00e9rt k\u00e9rj\u00fck l\u00e1togassa meg az angol nyelv\u0171 weboldalt.<br>K\u00f6sz\u00f6nj\u00fck a meg\u00e9rt\u00e9s\u00e9t.<\/p>\n\n\n\n<figure class=\"wp-block-image size-full\"><img loading=\"lazy\" decoding=\"async\" width=\"800\" height=\"282\" src=\"https:\/\/schaalvansamenwerking.nl\/wp-content\/uploads\/2025\/03\/2025-BOOKMARKER-LAYER-5-Az-egyuttmukodes-skalaja.jpg\" alt=\"\" class=\"wp-image-12706\" srcset=\"https:\/\/schaalvansamenwerking.nl\/wp-content\/uploads\/2025\/03\/2025-BOOKMARKER-LAYER-5-Az-egyuttmukodes-skalaja.jpg 800w, https:\/\/schaalvansamenwerking.nl\/wp-content\/uploads\/2025\/03\/2025-BOOKMARKER-LAYER-5-Az-egyuttmukodes-skalaja-768x271.jpg 768w, https:\/\/schaalvansamenwerking.nl\/wp-content\/uploads\/2025\/03\/2025-BOOKMARKER-LAYER-5-Az-egyuttmukodes-skalaja-18x6.jpg 18w, https:\/\/schaalvansamenwerking.nl\/wp-content\/uploads\/2025\/03\/2025-BOOKMARKER-LAYER-5-Az-egyuttmukodes-skalaja-510x180.jpg 510w\" sizes=\"auto, (max-width: 800px) 100vw, 800px\" \/><\/figure>","protected":false},"excerpt":{"rendered":"<p>Az Egy\u00fcttm\u0171k\u00f6d\u00e9s Sk\u00e1l\u00e1ja - magyarul Lesz hamarosan az Egy\u00fcttm\u0171k\u00f6d\u00e9s Sk\u00e1l\u00e1ja magyar ford\u00edt\u00e1s\u00e1nak egy \u00e1ltal\u00e1nos oldala, ahol majd t\u00f6bbet lehet olvasni az eszk\u00f6zr\u0151l, ami a csapatok fenntarthat\u00f3 egy\u00fcttm\u0171k\u00f6d\u00e9s\u00e9t t\u00e1mogatja. Egyel\u0151re viszont az al\u00e1bbi illusztr\u00e1ci\u00f3 seg\u00edts\u00e9g\u00e9vel \u00e9rdemes megvizsg\u00e1lni, hogy hol \u00e1ll az \u00f6n csapata a sk\u00e1l\u00e1n. B\u0151vebb inform\u00e1ci\u00f3k\u00e9rt k\u00e9rj\u00fck l\u00e1togassa meg az angol nyelv\u0171 weboldalt.K\u00f6sz\u00f6nj\u00fck a meg\u00e9rt\u00e9s\u00e9t.<\/p>","protected":false},"author":2,"featured_media":0,"parent":0,"menu_order":0,"comment_status":"closed","ping_status":"closed","template":"","meta":{"_acf_changed":false,"footnotes":""},"class_list":["post-12705","page","type-page","status-publish","hentry"],"acf":[],"_links":{"self":[{"href":"https:\/\/schaalvansamenwerking.nl\/en\/wp-json\/wp\/v2\/pages\/12705","targetHints":{"allow":["GET"]}}],"collection":[{"href":"https:\/\/schaalvansamenwerking.nl\/en\/wp-json\/wp\/v2\/pages"}],"about":[{"href":"https:\/\/schaalvansamenwerking.nl\/en\/wp-json\/wp\/v2\/types\/page"}],"author":[{"embeddable":true,"href":"https:\/\/schaalvansamenwerking.nl\/en\/wp-json\/wp\/v2\/users\/2"}],"replies":[{"embeddable":true,"href":"https:\/\/schaalvansamenwerking.nl\/en\/wp-json\/wp\/v2\/comments?post=12705"}],"version-history":[{"count":1,"href":"https:\/\/schaalvansamenwerking.nl\/en\/wp-json\/wp\/v2\/pages\/12705\/revisions"}],"predecessor-version":[{"id":12707,"href":"https:\/\/schaalvansamenwerking.nl\/en\/wp-json\/wp\/v2\/pages\/12705\/revisions\/12707"}],"wp:attachment":[{"href":"https:\/\/schaalvansamenwerking.nl\/en\/wp-json\/wp\/v2\/media?parent=12705"}],"curies":[{"name":"wp","href":"https:\/\/api.w.org\/{rel}","templated":true}]}}

Az Együttműködés Skálája

Az Együttműködés Skálája - magyarul



<p>Lesz hamarosan az Együttműködés Skálája magyar fordításának egy általános oldala, ahol majd többet lehet olvasni az eszközről, ami a csapatok fenntartható együttműködését támogatja. Egyelőre viszont az alábbi illusztráció segítségével érdemes megvizsgálni, hogy hol áll az ön csapata a skálán.</p>



<p>Bővebb információkért kérjük látogassa meg az angol nyelvű weboldalt.<br>Köszönjük a megértését.</p>



<figure class="wp-block-image size-full"><img loading="lazy" decoding="async" width="800" height="282" src="https://schaalvansamenwerking.nl/wp-content/uploads/2025/03/2025-BOOKMARKER-LAYER-5-Az-egyuttmukodes-skalaja.jpg" alt="" class="wp-image-12706" srcset="https://schaalvansamenwerking.nl/wp-content/uploads/2025/03/2025-BOOKMARKER-LAYER-5-Az-egyuttmukodes-skalaja.jpg 800w, https://schaalvansamenwerking.nl/wp-content/uploads/2025/03/2025-BOOKMARKER-LAYER-5-Az-egyuttmukodes-skalaja-768x271.jpg 768w, https://schaalvansamenwerking.nl/wp-content/uploads/2025/03/2025-BOOKMARKER-LAYER-5-Az-egyuttmukodes-skalaja-18x6.jpg 18w, https://schaalvansamenwerking.nl/wp-content/uploads/2025/03/2025-BOOKMARKER-LAYER-5-Az-egyuttmukodes-skalaja-510x180.jpg 510w" sizes="auto, (max-width: 800px) 100vw, 800px" /></figure>

<p>Az Együttműködés Skálája - magyarul Lesz hamarosan az Együttműködés Skálája magyar fordításának egy általános oldala, ahol majd többet lehet olvasni az eszközről, ami a csapatok fenntartható együttműködését támogatja. Egyelőre viszont az alábbi illusztráció segítségével érdemes megvizsgálni, hogy hol áll az ön csapata a skálán. Bővebb információkért kérjük látogassa meg az angol nyelvű weboldalt.Köszönjük a megértését.</p>
